14. Let p = 379 - w. Is p composite?
True
Let u(q) = 4*q**3 - 5*q**2 - 15*q - 4. Let p be u(6). Let v = p - -111. Is v composite?
False
Let j(g) = -34*g - 298. Is j(-14) composite?
True
Suppose -4*i + 2*n = 2, i - 3*i - 3*n = -3. Suppose i = 8*c - 2969 - 335. Is c a prime number?
False
Let v be -3 + 1 + (-35)/(-5). Is 32/(-16) + 125*v prime?
False
Suppose 3*j - 2*z + 73 = 0, 4*j = 4*z - 48 - 44. Let o(h) = -h**3 - 26*h**2 - 10*h - 88. Is o(j) prime?
True
Let p = -17 + 11. Let m be (p/(-6))/(1/5). Suppose 610 = f + m*h, -17 - 643 = -f + 5*h. Is f composite?
True
Suppose -5*o + 171152 = 3*d, 5*d + o = 206655 + 78635. Is d a prime number?
True
Suppose -3*y = 5*q - 60, 3*q = -0*y - 3*y + 30. Suppose -3786 = -21*i + q*i. Is i prime?
True
Let r(n) = 10*n - 29. Let s be r(3). Is 2 - s - (-2490)/(10 + -5) composite?
False
Let l(o) = 51*o + 21. Let c(r) = 5*r + 2. Let y(q) = 63*c(q) - 6*l(q). Let v be y(1). Suppose -10*d + 55 = -v*d. Is d a composite number?
True
Suppose 0 = -3*i - 3*j + 50079, -6*i + 2*j = -i - 83451. Is i a composite number?
False
Let i = 11 - 14. Let z be -2 + (363 - i - 4). Suppose -2*q = -z + 122. Is q a composite number?
True
Let b(d) = -698*d + 83. Is b(-7) a prime number?
True
Let r(j) = 8*j + 4. Let k be r(-2). Let p be (15/(-2))/(k/(-80)). Let b = p + 93. Is b prime?
True
Let l(r) be the first derivative of -r**4/4 - 4*r**3/3 - 3*r**2/2 - r - 4. Is l(-6) a composite number?
False
Let o(k) = 2*k**2 - 28*k + 37. Is o(28) a prime number?
True
Suppose -3*y - 4 = l - y, -3*y - 6 = 0. Suppose k + 5*r - 56 = 0, 3*r - 55 = 5*k - 223. Suppose -b + 235 + k = l. Is b a composite number?
False
Let h(d) = 8*d**3 - 4*d**2 + 5*d + 6. Let u be h(-4). Let s = u + 877. Is s a composite number?
True
Suppose 3*l = 0, 0 = m - 3*m - 5*l + 117418. Is m composite?
True
Suppose -3*t + 3 = -6. Let n be (15/t)/(-5) + 3. Suppose 0 = 5*f + 4*h - 700 - 179, n*f - 5*h - 378 = 0. Is f composite?
False
Let i = 300 + -146. Suppose -3*a + 152 = -5*y - 68, 4*y = -2*a - i. Is -4 - y/(-1)*-3 a composite number?
True
Let o = 1 - -65. Suppose 2*w = -n - 0*n + 32, -5*w = -n - o. Suppose 7 = v + 2*r - w, 0 = 5*v + 5*r - 90. Is v a composite number?
True
Let k(z) = z**3 - 6*z**2 + 6*z - 4. Let j be k(5). Let o(i) = 2237*i**2 - 1. Let n be o(j). Suppose -n = -4*r - 72. Is r a composite number?
False
Let s be (-48)/36 - 25/(-3). Let x = 300 + s. Is x a composite number?
False
Let i be (-6)/(-27) + ((-240)/(-27))/(-4). Let t(o) = -78*o + 5. Is t(i) composite?
True
Let t(c) = -9*c**3 - 6*c**2 + 4*c. Let b be t(-5). Suppose -3*p - 770 = -4*s - p, -5*p = -5*s + b. Is s prime?
False
Let q = -9 - -6. Let s = q + 5. Suppose 4*l - 5*a = 2039, 1026 = 2*l + 6*a - s*a. Is l a composite number?
True
Let s(l) = 24*l**3 - 13*l**2 + 18*l - 27. Let q be s(12). Suppose 12*y + q = 21*y. Is y a composite number?
False
Let n = -150 + 126. Let v(w) = w**3 + 31*w**2 - 13*w + 41. Is v(n) prime?
False
Suppose -6*n = -5*n + 192. Let q = n - -72. Let f = q - -233. Is f a prime number?
True
Suppose -41492 = -p - 5*j, -3*p = 5*j - j - 124421. Is p a composite number?
False
Let d(i) be the third derivative of 151*i**5/30 + 5*i**4/24 - 5*i**3/6 + 8*i**2. Is d(2) a prime number?
True
Let v(x) = -x + 4. Let n be v(2). Suppose -2280 = -n*c + 490. Is c composite?
True
Suppose -o - 443 = -2*o. Is o composite?
False
Suppose -79758 = -4*m + 10*m. Is (-2)/(-3*(12/m)/(-2)) composite?
True
Let f = 106 + -34. Let l = f - -187. Is l composite?
True
Let h = 24459 + 5570. Is h prime?
True
Let b = -56 + 66. Let x = b + 101. Is x a composite number?
True
Let x be -22 + (-6 - -2)/(-1). Let k be 20/(-90) + (-958)/x. Suppose y + f = 4*f + 31, 2*y - 3*f = k. Is y prime?
False
Suppose -3*o = -6, -4*j + o + 10 = -0*o. Let m = j - -55. Is m prime?
False
Is 5/(-10)*(-1 + (-167626 - -1)) prime?
True
Suppose 4*i - 289906 = 3*r - 122201, 0 = 4*r - 4. Is i a prime number?
True
Let z(y) = 2548*y - 331. Is z(8) a composite number?
True
Let d = 1452 + -673. Is d a composite number?
True
Suppose 54*a = 70*a - 47072. Is a a composite number?
True
Let y = 45 - 24. Suppose 0 = 4*l - l - 9, 4*z - 5*l = y. Suppose 0 = -7*u + z*u - 278. Is u prime?
True
Let g = -33 - -35. Suppose -g*j = w, -2*w = 2*j + w. Suppose -o + 33 + 41 = j. Is o a prime number?
False
Suppose 2*o - 520 = -d, o - 4*d - 1313 = -4*o. Let a = 46 + o. Is a prime?
True
Let u = -8 + -1. Let d(j) = -j**3 - 10*j**2 - 12*j + 6. Is d(u) prime?
False
Let l(z) = -z + 5. Let r be l(3). Let h be (-5)/(-3 - -4 - r). Suppose -h*f + 1365 = -5*b - 1695, 2453 = 4*f + b. Is f a composite number?
False
Let m(z) = 17*z - 1. Let k be m(-1). Let f(q) = q**2 + q - 5. Let y be f(6). Let v = k + y. Is v a prime number?
True
Let s be ((-2)/4)/((21/(-726))/7). Suppose s = 5*p + 16. Is p a prime number?
False
Suppose 11*o - 1086 = 9*o. Is o + (-4)/(-10) + (-156)/65 a prime number?
True
Suppose 5*g - 4*a = 4447, -3551 = -4*g + 11*a - 10*a. Is g prime?
True
Suppose 8*n = 24326 + 34466. Is n composite?
False
Let x = 211 - -186. Is x a prime number?
True
Let m = 0 + 5. Suppose -q - 2*q - 2*l = 3666, 4*l = m*q + 6132. Is (-21)/(-35) + q/(-10) a composite number?
True
Let i(h) = 868*h**2 + 5*h + 20. Is i(9) prime?
True
Let n = 6 - 4. Let q(x) = 4*x**2 + n + 2*x**2 - 5*x - 3 + 2*x**3 + 0*x**2. Is q(4) a prime number?
False
Suppose -4*n + 2*n = 2*b - 712, -n + 5*b + 338 = 0. Let s = n + 44. Is s composite?
False
Suppose 0 = 5*n + 3*h - 192, 12 = 2*h + h. Suppose -34*k - 6 = -n*k. Suppose 5*m - 1674 = -4*y + 3*m, -3*m = k. Is y composite?
False
Suppose -45 = 2*w + 67. Let o = w - -205. Is o prime?
True
Let m be (1637/4)/(11/220). Suppose 4*b + 1149 = m. Is b prime?
True
Suppose 0 = q + 63 + 6. Let f = 14 - q. Is f composite?
False
Let t(g) = 40*g**2 + 109. Is t(33) prime?
True
Suppose 2*b - 2*r - 7071 = -1715, 3*b + 4*r - 8013 = 0. Suppose 6*h - 11*h = -b. Is h composite?
True
Is (2 - (-291190)/40) + (-5)/(-4) composite?
False
Let t(q) = 2*q - 2. Let c be t(2). Suppose 3 - 13 = -c*a. Suppose -5*v - 3*f = -4370, a*v - 4345 = -0*v + 2*f. Is v a prime number?
False
Suppose 0 = -5*q + 31 + 219. Let x = q + 1083. Is x composite?
True
Let a(m) = 156*m**2 - 2*m + 7. Let y be a(2). Suppose 5*t = 4*w - y, -2*w = 4*t - 71 - 275. Is w a prime number?
True
Is (38/76)/((-454901)/151634 - -3) composite?
True
Let g(f) = -f**3 - 17*f**2 - 25*f - 12. Is g(-23) composite?
True
Suppose 13*l = 19*l - 54. Suppose -l = -3*g, n = 4*n - 4*g - 4185. Is n composite?
False
Let r(u) = -u - 3. Let g be r(-3). Let j(t) = 2*t**2 - t + 4. Let v be j(g). Suppose 6*q + x - 70 = 3*q, 2*x = v*q - 80. Is q a composite number?
True
Let f(h) = -191*h - 41. Let u(p) = -48*p - 10. Let c(g) = 6*f(g) - 26*u(g). Is c(4) a prime number?
False
Suppose 0 = 5*b - 3907 - 5058. Is b a prime number?
False
Let g(w) = 3*w**3 - 7*w**2 + 6*w + 5. Let f(r) = 9*r**3 - 20*r**2 + 18*r + 14. Let a(q) = 6*f(q) - 17*g(q). Is a(6) a composite number?
False
Suppose -5*c + 49877 = -0*w + 2*w, -c + 9973 = w. Is c a prime number?
False
Let j = 3906 + 13729. Is j composite?
True
Suppose 0 = 17*z - 127460 - 84207. Is z a prime number?
True
Suppose t + 2 = o - 1, 0 = -t + 3*o - 9. Let d(n) = -10*n**3 + n - 2. Let p be d(-2). Suppose -p = -t*w - 2*w. Is w composite?
True
Suppose -10*a + 12*a = 16914. Is a a composite number?
True
Let u(r) = -r**3 - 4*r**2 + 9*r - 9. Suppose 0*g = -3*g - 21. Let z be u(g). Let m = -16 + z. Is m a composite number?
False
Let o = 1020 - 152. Suppose -5*r = -r - 16, -4*u + 4*r = -o. Is u a composite number?
True
Let v(y) = 431*y**2 + 4*y + 4. Let g = -5 + 4. Is v(g) prime?
True
Let j(u) be the first derivative of -13*u**2/2 + 11*u - 8. Is j(-6) prime?
True
Suppose -o + 3*u + 17 = o, o + 2 = -2*u. Suppose o*c - 1126 - 258 = 0. Is c a composite number?
True
Suppose 0 = 2*s - 2*u - 292, 3*s + 3*u - 2*u = 458. Suppose -s + 1070 = w. Is w a prime number?
True
Suppose -13*h - 113075 + 308764 = 0. Is h a prime number?
True
Suppose 3 = -3*a - 3*u, 0 = -3*u + 2*u - 3. Suppose -3*m = -2016 + 747. Suppose a*c + 0*h - 403 = h, -5*h = -2*c + m. Is c a prime number?
True
Let k = -1386 + 949. Let d = k + 856. Is d a prime number?
True
Let k(p) = -1504*p - 305. Is k(-37) a prime number?
True
Suppose 5*n - q = 27670, -27650 = -2*n - 3*n - 3*q. Is n a comp